{"id":340,"date":"2015-05-10T21:10:28","date_gmt":"2015-05-10T21:10:28","guid":{"rendered":"http:\/\/cformacion.diocesisdesantander.com\/?page_id=340"},"modified":"2021-04-26T10:22:46","modified_gmt":"2021-04-26T10:22:46","slug":"biblioteca","status":"publish","type":"page","link":"https:\/\/cformacion.diocesisdesantander.com\/?page_id=340","title":{"rendered":"Biblioteca"},"content":{"rendered":"<p style=\"text-align: center;\"><strong>FRANCISCO<\/strong><br \/>\nJorge Mario Bergoglio, SJ &#8211; 11\/III\/2013<\/p>\n<p>&gt;&gt;<a href=\"http:\/\/cformacion.diocesisdesantander.com\/wp-content\/uploads\/2021\/04\/papa-francesco_20201003_enciclica-fratelli-tutti.pdf\" target=\"_blank\" rel=\"noopener\">Fratelli tutti <\/a>&lt;&lt;&lt;<br \/>\nCarta Enc\u00edclica sobre la fraternidad y la amistad social<br \/>\n(3 de octubre de 2020)<\/p>\n<p style=\"text-align: left;\">&gt;&gt;<a href=\"http:\/\/cformacion.diocesisdesantander.com\/wp-content\/uploads\/2016\/04\/Amoris-laetitia-19-03-2016.pdf\" target=\"_blank\" rel=\"noopener\">Amoris laetitia<\/a> &lt;&lt;&lt;<br \/>\nExhortaci\u00f3n Ap\u00f3stica Postsinodal<br \/>\n(19 de marzo de 2016)<\/p>\n<p>&gt;&gt;<a href=\"http:\/\/cformacion.diocesisdesantander.com\/wp-content\/uploads\/2015\/07\/papa-francesco_20150524_enciclica-laudato-si_sp.pdf\" target=\"_blank\" rel=\"noopener\">Laudato Si<\/a> &lt;&lt;&lt;<br \/>\nCarta Enc\u00edclica sobre el cuidado de la casa com\u00fan<br \/>\n(24 de mayo de 2015)<\/p>\n<p>&gt;&gt;&gt; <a href=\"http:\/\/cformacion.diocesisdesantander.com\/wp-content\/uploads\/2015\/05\/Evangelii-Gaudium.pdf\" target=\"_blank\" rel=\"noopener\">Evangelii Gaudium<\/a> &lt;&lt;&lt;<br \/>\nExhortaci\u00f3n Apost\u00f3lica sobre el anuncio del Evangelio en el mundo actual<br \/>\n(24 de noviembre de 2013)<\/p>\n<p>&gt;&gt;&gt; <a href=\"http:\/\/cformacion.diocesisdesantander.com\/wp-content\/uploads\/2015\/05\/Lumen-Fidei.pdf\" target=\"_blank\" rel=\"noopener\">Lumen Fidei<\/a> &lt;&lt;&lt;<br \/>\nCarta Enc\u00edclica sobre la fe.<br \/>\n(29\/VI\/2013)<\/p>\n<p style=\"text-align: center;\"><strong>BENEDICTO XVI<\/strong><br \/>\nJoseph Ratzinger &#8211; 19\/IV\/2005 &#8211; 28\/II\/2013<\/p>\n<p>&gt;&gt;&gt; <a href=\"http:\/\/cformacion.diocesisdesantander.com\/wp-content\/uploads\/2015\/05\/Spe-Salvi.pdf\" target=\"_blank\" rel=\"noopener\">Spe Salvis<\/a> &lt;&lt;&lt;<br \/>\nCarta Enc\u00edclica sobre la esperanza cristiana.<br \/>\n(30\/XI\/2007)<\/p>\n<p>&gt;&gt;&gt; <a href=\"http:\/\/cformacion.diocesisdesantander.com\/wp-content\/uploads\/2015\/05\/Deus-Caritas-Est.pdf\" target=\"_blank\" rel=\"noopener\">Deus Caritas Est<\/a> &lt;&lt;&lt;<br \/>\nCarta Enc\u00edclica sobre el amor cristiano.<br \/>\n(25\/XII\/2005)<\/p>\n<p>&gt;&gt;&gt; <a href=\"http:\/\/cformacion.diocesisdesantander.com\/wp-content\/uploads\/2015\/05\/Caritas-in-veritate.pdf\" target=\"_blank\" rel=\"noopener\">Caritas in veritate<\/a> &lt;&lt;&lt;<br \/>\nCarta Enc\u00edclica sobre el desarrollo humano integral en la caridad y en la verdad.<br \/>\n(29\/VI\/2009)<\/p>\n<p style=\"text-align: center;\"><strong>JUAN PABLO II<\/strong><br \/>\nKarol Wojtyla &#8211; 16\/X\/1978 &#8211; 02\/IV\/2005<\/p>\n<p>&gt;&gt;&gt; <a href=\"http:\/\/cformacion.diocesisdesantander.com\/wp-content\/uploads\/2015\/05\/Laborem-Exercens.pdf\" target=\"_blank\" rel=\"noopener\">Laborem Exercens<\/a> &lt;&lt;&lt;<br \/>\nCarta Enc\u00edclica en el noventa aniversario de la \u00abRerum Novarum\u00bb.<br \/>\n(14\/IX\/1981)<\/p>\n<p>&gt;&gt;&gt; <a href=\"http:\/\/cformacion.diocesisdesantander.com\/wp-content\/uploads\/2015\/05\/Sollicitudo-Rei-Socialis.pdf\" target=\"_blank\" rel=\"noopener\">Sollicitudo Rei Socialis<\/a> &lt;&lt;&lt;<br \/>\nCarta Enc\u00edclica al cumplirse el vigesimo anniversario de la Populorom Progressio.<br \/>\n(30\/XII\/1987)<\/p>\n<p>&gt;&gt;&gt; <a href=\"http:\/\/cformacion.diocesisdesantander.com\/wp-content\/uploads\/2015\/05\/Centesimus-Annus.pdf\" target=\"_blank\" rel=\"noopener\">Centesimus Annus<\/a> &lt;&lt;&lt;<br \/>\nCarta Enc\u00edclica en el centenario de la \u00abRerum Novarum\u00bb.<br \/>\n(01\/V\/1991)<\/p>\n<p>&gt;&gt;&gt; <a href=\"http:\/\/cformacion.diocesisdesantander.com\/wp-content\/uploads\/2015\/05\/Ecclesia-in-Europa.pdf\" target=\"_blank\" rel=\"noopener\">Ecclesia in Europa<\/a> &lt;&lt;&lt;<br \/>\nExhortaci\u00f3n Apost\u00f3lica Postsinodal sobre Jesucristo vivo en su Iglesia y fuente de esperanza para Europa<br \/>\n(28\/VI\/2003)<\/p>\n<p style=\"text-align: center;\"><strong>PABLO VI<\/strong><br \/>\nGiocanni Battista Montini 21\/VI\/1963 &#8211; 06\/VII\/1978<\/p>\n<p>&gt;&gt;&gt; <a href=\"http:\/\/cformacion.diocesisdesantander.com\/wp-content\/uploads\/2015\/05\/Gadium-et-Spes.pdf\" target=\"_blank\" rel=\"noopener\">Gaudium et Spes<\/a> &lt;&lt;&lt;<br \/>\nConstituci\u00f3n Pastoral del Conc\u00edlio Vaticano II.<br \/>\n(07\/XII\/1965)<\/p>\n<p>&gt;&gt;&gt; <a href=\"http:\/\/cformacion.diocesisdesantander.com\/wp-content\/uploads\/2015\/05\/Populorum-Progressio.pdf\" target=\"_blank\" rel=\"noopener\">Populorum Progressio<\/a> &lt;&lt;&lt;<br \/>\nCarta Enc\u00edclica sobre el desarrollo de los pueblos.<br \/>\n(26\/III\/1967)<\/p>\n<p>&gt;&gt;&gt; <a href=\"http:\/\/cformacion.diocesisdesantander.com\/wp-content\/uploads\/2015\/05\/Octogesima-Advienens.pdf\" target=\"_blank\" rel=\"noopener\">Octogesima Adveniens<\/a> &lt;&lt;&lt;<br \/>\nCarta Apost\u00f3lica en el 80 aniversario de \u00abRerum Novarum\u00bb.<br \/>\n(14\/VI\/1971)<\/p>\n<p style=\"text-align: center;\"><strong>JUAN XXIII<\/strong><br \/>\nAngelo Giuseppe Roncali 28\/X\/1958 &#8211; 03\/VI\/1963<\/p>\n<p>&gt;&gt;&gt; <a href=\"http:\/\/cformacion.diocesisdesantander.com\/wp-content\/uploads\/2015\/05\/Mater-et-Magistra.pdf\" target=\"_blank\" rel=\"noopener\">Mater et Magistra<\/a> &lt;&lt;&lt;<br \/>\nCarta Enc\u00edclica en el 70 aniversario de \u00abRerum Novarum\u00bb, sobre el reciente desarrollo de la cuesti\u00f3n social a la luz de la Doctrina Cristiana<br \/>\n(15\/V\/1961)<\/p>\n<p>&gt;&gt;&gt; <a href=\"http:\/\/cformacion.diocesisdesantander.com\/wp-content\/uploads\/2015\/05\/Pacem-in-Terris.pdf\" target=\"_blank\" rel=\"noopener\">Pacem in Terris<\/a> &lt;&lt;&lt;<br \/>\nCarta Enc\u00edclica sobre la paz entre todos los pueblos que ha de fundarse en la verdad, la justicia, el amor y la libertad.<br \/>\n(11\/IV\/1963)<\/p>\n<p style=\"text-align: center;\"><strong>CONFERENCIA EPISCOPAL ESPA\u00d1OLA<br \/>\n<\/strong><\/p>\n<p style=\"text-align: left;\">&gt;&gt;&gt; <a href=\"http:\/\/cformacion.diocesisdesantander.com\/wp-content\/uploads\/2015\/05\/IGLESIA-SERVIDORA-DE-LOS-POBRES1.pdf\" target=\"_blank\" rel=\"noopener\">Iglesia, servidora de los pobres<\/a> &lt;&lt;&lt;<br \/>\nInstrucci\u00f3n pastoral sobre la preocupaci\u00f3n ante el sufrimiento generado por la grave crisis econ\u00f3mica, social y moral que afecta a la sociedad espa\u00f1ola.<br \/>\n(24\/IV\/2015)<\/p>\n<p style=\"text-align: left;\">\u00a0<a href=\"http:\/\/www.diocesisdesantander.com\/audio-de-la-conferencia-del-obispo-mons-omeya-sobre-la-instruccion-pastoral-iglesia-servidira-de-los-pobres\/\" target=\"_blank\" rel=\"noopener\">Audio de la conferencia del obispo, Mons. D. Juan Jos\u00e9 Omeya, sobre la Instrucci\u00f3n Pastoral:<\/a><\/p>\n<p style=\"text-align: center;\"><a href=\"http:\/\/www.diocesisdesantander.com\/audio-de-la-conferencia-del-obispo-mons-omeya-sobre-la-instruccion-pastoral-iglesia-servidira-de-los-pobres\/\" target=\"_blank\" rel=\"noopener\">\u201cIglesia, servidora de los pobres\u201d<\/a><\/p>\n","protected":false},"excerpt":{"rendered":"<p>FRANCISCO Jorge Mario Bergoglio, SJ &#8211; 11\/III\/2013 &gt;&gt;Fratelli tutti &lt;&lt;&lt; Carta Enc\u00edclica sobre la fraternidad y la amistad social (3 de octubre de 2020) &gt;&gt;Amoris laetitia &lt;&lt;&lt; Exhortaci\u00f3n Ap\u00f3stica Postsinodal (19 de marzo de 2016) &gt;&gt;Laudato Si &lt;&lt;&lt; Carta Enc\u00edclica sobre el cuidado de la casa com\u00fan (24 de mayo\u2026<\/p>\n<p class=\"continue-reading-button\"> <a class=\"continue-reading-link\" href=\"https:\/\/cformacion.diocesisdesantander.com\/?page_id=340\">Seguir leyendo<i class=\"crycon-right-dir\"><\/i><\/a><\/p>\n","protected":false},"author":1,"featured_media":0,"parent":42,"menu_order":0,"comment_status":"closed","ping_status":"closed","template":"","meta":{"footnotes":""},"_links":{"self":[{"href":"https:\/\/cformacion.diocesisdesantander.com\/index.php?rest_route=\/wp\/v2\/pages\/340"}],"collection":[{"href":"https:\/\/cformacion.diocesisdesantander.com\/index.php?rest_route=\/wp\/v2\/pages"}],"about":[{"href":"https:\/\/cformacion.diocesisdesantander.com\/index.php?rest_route=\/wp\/v2\/types\/page"}],"author":[{"embeddable":true,"href":"https:\/\/cformacion.diocesisdesantander.com\/index.php?rest_route=\/wp\/v2\/users\/1"}],"replies":[{"embeddable":true,"href":"https:\/\/cformacion.diocesisdesantander.com\/index.php?rest_route=%2Fwp%2Fv2%2Fcomments&post=340"}],"version-history":[{"count":15,"href":"https:\/\/cformacion.diocesisdesantander.com\/index.php?rest_route=\/wp\/v2\/pages\/340\/revisions"}],"predecessor-version":[{"id":4075,"href":"https:\/\/cformacion.diocesisdesantander.com\/index.php?rest_route=\/wp\/v2\/pages\/340\/revisions\/4075"}],"up":[{"embeddable":true,"href":"https:\/\/cformacion.diocesisdesantander.com\/index.php?rest_route=\/wp\/v2\/pages\/42"}],"wp:attachment":[{"href":"https:\/\/cformacion.diocesisdesantander.com\/index.php?rest_route=%2Fwp%2Fv2%2Fmedia&parent=340"}],"curies":[{"name":"wp","href":"https:\/\/api.w.org\/{rel}","templated":true}]}}