{"id":197,"date":"2014-08-25T09:45:58","date_gmt":"2014-08-25T09:45:58","guid":{"rendered":"http:\/\/cformacion.diocesisdesantander.com\/?page_id=197"},"modified":"2025-10-15T09:57:41","modified_gmt":"2025-10-15T09:57:41","slug":"deca-secundaria","status":"publish","type":"page","link":"https:\/\/cformacion.diocesisdesantander.com\/?page_id=197","title":{"rendered":"DECA Secundaria"},"content":{"rendered":"<h4 style=\"text-align: center;\"><span style=\"color: #ff0000;\"><strong>DECA para ESO, Bachillerato y FP<\/strong><\/span><\/h4>\n<h5 style=\"text-align: center;\"><strong>Para conocer m\u00e1s:<\/strong><\/h5>\n<p style=\"text-align: center;\"><a href=\"http:\/\/cformacion.diocesisdesantander.com\/wp-content\/uploads\/2025\/10\/INFORMACION-Curso-DECA-Para-la-Docencia-de-Religion-en-Educacon-Secundaria-Obligatoria-y-Bachillerato.pdf\" target=\"_blank\" rel=\"noopener\">INFORMACI\u00d3N GENERAL &#8211; DECA SECUNDARIA<\/a><\/p>\n<p style=\"text-align: center;\"><a href=\"http:\/\/cformacion.diocesisdesantander.com\/wp-content\/uploads\/2024\/08\/DIPTICO-DECA-Para-la-Docencia-de-RELIGION-CATOLICA-CENTRO-DIOCESANO-DE-FORMACION-TEOLOGICA-Y-PASTORAL.pdf\" target=\"_blank\" rel=\"noopener\">D\u00cdPTICO INFORMATIVO SOBRE LA DECA<\/a><\/p>\n<p style=\"text-align: justify;\">Con este curso de Pedagog\u00eda y Did\u00e1ctica de la Ense\u00f1anza Religiosa Escolar, la Secci\u00f3n a Distancia del ISCCRR \u00abSan D\u00e1maso\u00bb, capacita para poder ejercer como Profesor de Religi\u00f3n y Moral Cat\u00f3lica en los niveles de Educaci\u00f3n Secundaria Obligatoria, Bachillerato y Formaci\u00f3n Profesional. El programa est\u00e1 elaborado seg\u00fan los requisitos marcados por la Conferencia Episcopal Espa\u00f1ola.<\/p>\n<p style=\"text-align: justify;\">La titulaci\u00f3n obtenida es Declaraci\u00f3n Eclesi\u00e1stica de Competencia Acad\u00e9mica<span class=\"verde\"> en Educaci\u00f3n Secundaria Obligatoria, Bachillerato y Formaci\u00f3n Profesional.<\/span><\/p>\n<h5 style=\"text-align: justify;\"><span style=\"color: #ff0000;\"><strong>I. <span style=\"text-decoration: underline;\">Requisitos para la obtenci\u00f3n de la DECA en Educaci\u00f3n Secundaria Obligatoria y Bachillerato<\/span> <\/strong><\/span><\/h5>\n<h5>* Tener uno de los siguientes recorridos formativos:<\/h5>\n<p><strong>\u00a0\u00a0\u00a0\u00a0\u00a0\u00a0\u00a0\u00a0\u00a0 I. <\/strong><strong><u>Sin Estudios Teol\u00f3gicos<\/u><\/strong><\/p>\n<ul>\n<li><strong>Grado (o Licenciatura) civil + Diplomatura\/Bachillerato en Ciencias Religiosas (Diplomatus\/Baccalaureatus in Scientiis Religiosis)<\/strong><\/li>\n<li><strong>Grado en Ciencias Religiosas:<\/strong><\/li>\n<\/ul>\n<p><span style=\"text-decoration: underline;\"><strong>* El Bachillerato en Ciencias Religiosas (185 ECTS) es reconocido civilmente como Grado en Ciencias Religiosas si se cursan 55 ECTS m\u00e1s hasta alcanzar los 240 ECTS):<br \/>\n<\/strong><\/span><\/p>\n<h4 style=\"text-align: center;\"><a href=\"http:\/\/cformacion.diocesisdesantander.com\/wp-content\/uploads\/2024\/05\/Informacion-Bachillerato-en-Ciencias-Religiosas-Curso-2023-24-Extension-de-Santander-del-ISCCRR-San-Damaso.pdf\" target=\"_blank\" rel=\"noopener\">Informaci\u00f3n general sobre el Bachillerato en Ciencias Religiosas<\/a><\/h4>\n<h5><strong>\u00a0<span style=\"color: #ff0000;\">En el curr\u00edculum del Bachillerato y Grado en Ciencias religiosas est\u00e1n contemplados los 18 ECTS de la DECA.<\/span><\/strong><\/h5>\n<p><strong>\u00a0\u00a0\u00a0\u00a0\u00a0\u00a0\u00a0\u00a0\u00a0 II. <\/strong><strong><u>Con Estudios Teol\u00f3gicos<\/u><\/strong><\/p>\n<p><strong>Grado Baccalaureautus in Theologia\u00a0o\u00a0Licenciatus in Theologia:<\/strong><\/p>\n<p>* Baccalaureatus in Theologia = Licenciatura en Estudios Eclesi\u00e1sticos o Grado en Teolog\u00eda.<\/p>\n<p>* Licenciatus in Theolog\u00eda\u00a0= Licenciatura en Teolog\u00eda o M\u00e1ster en Teolog\u00eda.<\/p>\n<h5>Aquellos alumnos que tengan los estudios teol\u00f3gicos requeridos, pero sin \u00a0la capacitaci\u00f3n pedag\u00f3gica necesaria \u00a0para la ense\u00f1anza \u00a0de la Religi\u00f3n, deber\u00e1n realizar el Curso de la DECA (18 ECTS).<\/h5>\n<h5><strong><span style=\"color: #ff0000;\">III.<span style=\"text-decoration: underline;\">Programa de Pedagog\u00eda y Did\u00e1ctica de la Ense\u00f1anza Religiosa Escolar<span style=\"color: #ff0000; text-decoration: underline;\"> (DECA)<\/span><\/span><\/span><br \/>\n<\/strong><\/h5>\n<p><em>Asignaturas\u00a0\u00a0\u00a0\u00a0\u00a0\u00a0\u00a0\u00a0\u00a0\u00a0\u00a0\u00a0\u00a0\u00a0\u00a0\u00a0\u00a0\u00a0\u00a0\u00a0\u00a0\u00a0\u00a0\u00a0\u00a0\u00a0\u00a0\u00a0\u00a0\u00a0\u00a0\u00a0\u00a0\u00a0\u00a0\u00a0\u00a0\u00a0\u00a0\u00a0\u00a0\u00a0 \/\u00a0\u00a0\u00a0\u00a0\u00a0\u00a0\u00a0\u00a0\u00a0\u00a0\u00a0\u00a0\u00a0\u00a0\u00a0\u00a0\u00a0\u00a0\u00a0\u00a0\u00a0\u00a0\u00a0 \u00a0\u00a0\u00a0 \u00a0\u00a0 Cr\u00e9ditos-ECTS<\/em><\/p>\n<p><strong>Pedagog\u00eda de la Fe \u00a0\u00a0<\/strong> \u00a0\u00a0\u00a0\u00a0\u00a0\u00a0\u00a0\u00a0\u00a0\u00a0\u00a0\u00a0\u00a0\u00a0\u00a0\u00a0\u00a0\u00a0 \u00a0 \u00a0\u00a0\u00a0\u00a0\u00a0\u00a0 \u00a0 \u00a0 \u00a0 \u00a0 \u00a0 \u00a0 \u00a0 \u00a0 \u00a0 \u00a0 \u00a0 \u00a0 \u00a0 \u00a0 \u00a0 \u00a0\u00a0\u00a0\u00a0\u00a0\u00a0\u00a0\u00a0\u00a0\u00a0\u00a0 3<br \/>\n<strong>Ense\u00f1anza Religiosa Escolar\u00a0\u00a0\u00a0\u00a0\u00a0\u00a0\u00a0\u00a0\u00a0<\/strong> \u00a0\u00a0\u00a0\u00a0\u00a0\u00a0\u00a0\u00a0\u00a0\u00a0\u00a0\u00a0\u00a0\u00a0\u00a0\u00a0\u00a0\u00a0\u00a0\u00a0\u00a0\u00a0\u00a0\u00a0\u00a0\u00a0\u00a0\u00a0\u00a0\u00a0\u00a0\u00a0\u00a0\u00a0\u00a0\u00a0\u00a0\u00a0\u00a0\u00a0\u00a0\u00a0\u00a0\u00a0 3<br \/>\n<strong>Curr\u00edculum de Educaci\u00f3n Secundaria<\/strong> \u00a0\u00a0\u00a0\u00a0\u00a0\u00a0\u00a0\u00a0\u00a0\u00a0\u00a0\u00a0\u00a0\u00a0\u00a0\u00a0\u00a0\u00a0\u00a0\u00a0\u00a0\u00a0\u00a0\u00a0\u00a0\u00a0\u00a0\u00a0\u00a0\u00a0\u00a0\u00a0\u00a0\u00a0\u00a0\u00a0\u00a0 6<br \/>\n<strong>Did\u00e1ctica I (Metodolog\u00eda y Did\u00e1ctica de la Religi\u00f3n)<\/strong> \u00a0\u00a0\u00a0\u00a0\u00a0\u00a0\u00a0\u00a0 3<br \/>\n<strong>Did\u00e1ctica II (Historia de los M\u00e9todos Educativos)<\/strong> \u00a0\u00a0\u00a0 \u00a0 \u00a0 \u00a0\u00a0\u00a0\u00a0\u00a0 3<\/p>\n<h5><strong>* Convalidaciones<\/strong><\/h5>\n<p>Se podr\u00e1 solicitar convalidaci\u00f3n de cualquiera de las asignaturas que componen el curso de la DECA.<\/p>\n<p>Para ello ser\u00e1 necesario acreditar convenientemente, que fueron cursadas con anterioridad en una instituci\u00f3n de nivel acad\u00e9mico equivalente al ISCCRR.<\/p>\n<p>Se har\u00e1 imprescindible presentar certificado de notas oficial del centro de estudios y programa de contenidos cursado de la asignatura para la que se solicita convalidaci\u00f3n.<\/p>\n<h5><span style=\"color: #ff0000;\"><strong>IV. <\/strong><strong><u>Requisitos y condiciones para ser profesor de Religi\u00f3n Cat\u00f3lica<\/u><\/strong><\/span><\/h5>\n<h5><span style=\"color: #ff0000;\"><strong>\u00a0<\/strong><\/span>Para poder ejercer como profesor de religi\u00f3n y moral cat\u00f3lica es necesario reunir los siguientes requisitos:<\/h5>\n<h5>1. Estar en posesi\u00f3n de la <strong>titulaci\u00f3n eclesi\u00e1stica D.E.C.A. (<\/strong>Declaraci\u00f3n Eclesi\u00e1stica de Competencia Acad\u00e9mica) correspondiente al nivel educativo en el que se pretende impartir docencia, expedida por la Comisi\u00f3n Episcopal de Ense\u00f1anza y Catequesis de la Conferencia Episcopal Espa\u00f1ola.<\/h5>\n<h5>2. Haber cursado un\u00a0<strong>M\u00e1ster<\/strong><strong> que habilite para el ejercicio de la profesi\u00f3n regulada de \u201cProfesor de Secundaria y Bachillerato\u201d o estar en posesi\u00f3n del antiguo CAP<\/strong> (Certificado de Aptitud Pedag\u00f3gica)<strong>.<\/strong><\/h5>\n<h5>Los alumnos interesados en poder impartir clase en Secundaria y Bachillerato, adem\u00e1s de los estudios teol\u00f3gicos y las asignaturas de la DECA que cursan en la Secci\u00f3n a Distancia del ISCCRR de la Universidad Eclesi\u00e1stica San D\u00e1maso (UESD), pueden realizar dicho M\u00e1ster en cualquiera de las Universidades que lo imparten (aquellas que tengan Facultad de Educaci\u00f3n o de Humanidades). La UESD ofrecer\u00e1 a sus alumnos convenios con Universidades para la realizaci\u00f3n de dicho M\u00e1ster en modalidad presencial, semipresencial, a distancia y on line.<\/h5>\n<h5>3. Estar en posesi\u00f3n de la <strong>D.E.I. (<\/strong>Declaraci\u00f3n Eclesi\u00e1stica de Idoneidad) concedida por el Obispo de la Di\u00f3cesis a la que pertenece la localidad donde se vaya a impartir clase de religi\u00f3n.<\/h5>\n<h5>\u2013 Requisito previo para la obtenci\u00f3n de la D.E.I. es estar en posesi\u00f3n de la D.E.C.A.<\/h5>\n<h5>\u2013 La expedici\u00f3n de la D.E.I.\u00a0supone <strong>recta doctrina y testimonio de vida cristiana<\/strong>, seg\u00fan los c\u00e1nones 804 y 805 del C\u00f3digo de Derecho Can\u00f3nico. Est\u00e1 basada en consideraciones de \u00edndole moral y religiosa, criterios cuya definici\u00f3n corresponde al Obispo diocesano<\/h5>\n<h5>\u2013 La D.E.I. <strong>puede ser revocada<\/strong> por el Ordinario diocesano, cuando deje de cumplirse alguna de las consideraciones por las que se concedi\u00f3 y no tendr\u00e1 validez en otras di\u00f3cesis<\/h5>\n<h5>4. Haber obtenido la <strong><em>missio canonica<\/em><\/strong>, es decir, haber sido propuesto a la Administraci\u00f3n Educativa por el Obispo de la Di\u00f3cesis, como profesor competente e id\u00f3neo para un centro escolar concreto.<\/h5>\n<h5>\u2013 Requisito previo para la obtenci\u00f3n de la <em>missio canonica <\/em>es estar en posesi\u00f3n de la D.E.I.<\/h5>\n<h5>\u2013 La propuesta ser\u00e1 <strong>para cada a\u00f1o escolar<\/strong>, conforme con el art. III del Acuerdo sobre Ense\u00f1anza y Asuntos Culturales<\/h5>\n<p>&nbsp;<\/p>\n<table style=\"height: 168px;\" width=\"5\">\n<tbody>\n<tr>\n<td rowspan=\"2\" width=\"350\"><\/td>\n<td rowspan=\"2\" width=\"129\"><\/td>\n<td width=\"0\"><\/td>\n<\/tr>\n<tr>\n<td width=\"0\"><\/td>\n<\/tr>\n<tr>\n<td width=\"350\"><\/td>\n<td width=\"129\"><\/td>\n<td width=\"0\"><\/td>\n<\/tr>\n<tr>\n<td width=\"350\"><\/td>\n<td width=\"129\"><\/td>\n<td width=\"0\"><\/td>\n<\/tr>\n<tr>\n<td width=\"350\"><\/td>\n<td width=\"129\"><\/td>\n<td width=\"0\"><\/td>\n<\/tr>\n<tr>\n<td width=\"350\"><\/td>\n<td width=\"129\"><\/td>\n<td width=\"0\"><\/td>\n<\/tr>\n<tr>\n<td width=\"350\"><\/td>\n<td width=\"129\"><\/td>\n<td width=\"0\"><\/td>\n<\/tr>\n<\/tbody>\n<\/table>\n","protected":false},"excerpt":{"rendered":"<p>DECA para ESO, Bachillerato y FP Para conocer m\u00e1s: INFORMACI\u00d3N GENERAL &#8211; DECA SECUNDARIA D\u00cdPTICO INFORMATIVO SOBRE LA DECA Con este curso de Pedagog\u00eda y Did\u00e1ctica de la Ense\u00f1anza Religiosa Escolar, la Secci\u00f3n a Distancia del ISCCRR \u00abSan D\u00e1maso\u00bb, capacita para poder ejercer como Profesor de Religi\u00f3n y Moral Cat\u00f3lica\u2026<\/p>\n<p class=\"continue-reading-button\"> <a class=\"continue-reading-link\" href=\"https:\/\/cformacion.diocesisdesantander.com\/?page_id=197\">Seguir leyendo<i class=\"crycon-right-dir\"><\/i><\/a><\/p>\n","protected":false},"author":1,"featured_media":0,"parent":0,"menu_order":0,"comment_status":"closed","ping_status":"closed","template":"","meta":{"footnotes":""},"_links":{"self":[{"href":"https:\/\/cformacion.diocesisdesantander.com\/index.php?rest_route=\/wp\/v2\/pages\/197"}],"collection":[{"href":"https:\/\/cformacion.diocesisdesantander.com\/index.php?rest_route=\/wp\/v2\/pages"}],"about":[{"href":"https:\/\/cformacion.diocesisdesantander.com\/index.php?rest_route=\/wp\/v2\/types\/page"}],"author":[{"embeddable":true,"href":"https:\/\/cformacion.diocesisdesantander.com\/index.php?rest_route=\/wp\/v2\/users\/1"}],"replies":[{"embeddable":true,"href":"https:\/\/cformacion.diocesisdesantander.com\/index.php?rest_route=%2Fwp%2Fv2%2Fcomments&post=197"}],"version-history":[{"count":128,"href":"https:\/\/cformacion.diocesisdesantander.com\/index.php?rest_route=\/wp\/v2\/pages\/197\/revisions"}],"predecessor-version":[{"id":4700,"href":"https:\/\/cformacion.diocesisdesantander.com\/index.php?rest_route=\/wp\/v2\/pages\/197\/revisions\/4700"}],"wp:attachment":[{"href":"https:\/\/cformacion.diocesisdesantander.com\/index.php?rest_route=%2Fwp%2Fv2%2Fmedia&parent=197"}],"curies":[{"name":"wp","href":"https:\/\/api.w.org\/{rel}","templated":true}]}}